{"id":4093,"date":"2023-08-12T16:58:51","date_gmt":"2023-08-12T07:58:51","guid":{"rendered":"http:\/\/maharl.com\/john\/?page_id=4093"},"modified":"2023-08-12T16:58:51","modified_gmt":"2023-08-12T07:58:51","slug":"jc19600321-01","status":"publish","type":"page","link":"http:\/\/maharl.com\/john\/jc19600321\/jc19600321-01\/","title":{"rendered":"19600321-01"},"content":{"rendered":"\n<div class=\"wp-block-buttons is-layout-flex wp-block-buttons-is-layout-flex\">\n<div class=\"wp-block-button has-custom-font-size\" style=\"font-size:14px\"><a class=\"wp-block-button__link wp-element-button\" href=\"http:\/\/maharl.com\/john\/jc19600321\/\" style=\"padding-top:0;padding-right:0;padding-bottom:0;padding-left:0\">\u5f53\u30bb\u30c3\u30b7\u30e7\u30f3\u30c8\u30c3\u30d7<\/a><\/div>\n<\/div>\n\n\n\n<p><strong>All of You <br>(Cole Porter)<br>\uff0816\u520659\u79d2\uff09<\/strong><br><br><br> <strong>\u3010\u3053\u306e\u66f2\u3001\u3053\u306e\u6f14\u594f\u3011<\/strong><br>\u3000\u30b3\u30fc\u30eb\u30fb\u30dd\u30fc\u30bf\u30fc\u4f5c\u306e\u3053\u306e\u6709\u540d\u4eba\u6c17\u30b9\u30bf\u30f3\u30c0\u30fc\u30c9\u306f\u3001\u30b3\u30eb\u30c8\u30ec\u30fc\u30f3\u53c2\u52a0\u306e\u30de\u30a4\u30eb\u30b9\u30fb\u30af\u30a4\u30f3\u30c6\u30c3\u30c8\u30671956\u5e749\u670810\u65e5\u306b\u30b9\u30bf\u30b8\u30aa\u9332\u97f3\u3055\u308c\u30011957\u5e743\u67084\u65e5\u306b\u767a\u58f2\u3055\u308c\u305f\u30a2\u30eb\u30d0\u30e0\u300c\u30e9\u30a6\u30f3\u30c9\u30fb\u30a2\u30d0\u30a6\u30c8\u30fb\u30df\u30c3\u30c9\u30ca\u30a4\u30c8\u300d\u306b\u53ce\u9332\u3055\u308c\u307e\u3057\u305f\u3002<br><br>\u3000\u305d\u308c\u4ee5\u964d\u3001\u30de\u30a4\u30eb\u30b9\u306f\u3053\u306e\u66f2\u3092\u4f55\u5ea6\u3082\u30e9\u30a4\u30d6\u3067\u62ab\u9732\u3057\u3066\u3044\u307e\u3059\u3002\u30de\u30a4\u30eb\u30b9\u306e1960\u5e74\u6625\u306e\u6b27\u5dde\u30c4\u30a2\u30fc\u521d\u65e5\u306e\u3001\u3053\u306e\u30aa\u30ea\u30f3\u30d4\u30a2\u306b\u96c6\u307e\u3063\u305f\u89b3\u5ba2\u306b\u3068\u3063\u3066\u306f\u3001\u30de\u30a4\u30eb\u30b9\u306e\u3053\u306e\u66f2\u306e\u6f14\u594f\u306f\u304a\u99b4\u67d3\u307f\u3060\u3063\u305f\u3053\u3068\u3067\u3057\u3087\u3046\u3002<br><br><br>\u3000\u4f59\u88d5\u306e\u30c8\u30e9\u30f3\u30da\u30c3\u30c8\u306e\u97ff\u304d\u3067\u5feb\u8abf\u306b\u6f14\u594f\u304c\u59cb\u307e\u308a\u3001\u305d\u306e\u307e\u307e\u30de\u30a4\u30eb\u30b9\u306e\u4e16\u754c\u30674\u5206\u8fd1\u3044\u6f14\u594f\u3068\u306a\u308a\u307e\u3059\u3002\u30c8\u30e9\u30f3\u30da\u30c3\u30c8\u306e\u5909\u5316\u306b\u30ea\u30ba\u30e0\u9663\u304c\u3059\u3050\u306b\u5bfe\u5fdc\u3057\u3066\u3044\u304d\u3001\u3053\u306e\u30af\u30a4\u30f3\u30c6\u30c3\u30c8\u306e\u5b8c\u6210\u5ea6\u306e\u9ad8\u3055\u3092\u611f\u3058\u307e\u3059\u3002<br><br>\u3000\u7d9a\u304f\u306e\u306f\u30b3\u30eb\u30c8\u30ec\u30fc\u30f3\u306e5\u5206\u534a\u306b\u6e21\u308b\u6f14\u594f\u3067\u3059\u3002\u3053\u308c\u3092\u8074\u3044\u3066\u3044\u308b\u3068\u30011955\u5e74\u306b\u4e00\u4eba\u306e\u82e5\u624b\u30bd\u30ea\u30b9\u30c8\u3068\u3057\u3066\u306e\u30d7\u30ed\u751f\u6d3b\u3092\u59cb\u3081\u305f\u30b3\u30eb\u30c8\u30ec\u30fc\u30f3\u304c\u30015\u5e74\u7d4c\u3063\u305f\u3053\u306e\u6642\u70b9\u3067\u306f\u30b8\u30e3\u30ba\u754c\u306e\u5927\u770b\u677f\u306b\u306a\u3063\u3066\u304a\u308a\u3001\u611f\u6168\u6df1\u3044\u3082\u306e\u3092\u611f\u3058\u307e\u3059\u3002<br><br>\u3000\u3042\u3063\u3055\u308a\u5165\u308a\u306a\u304c\u3089\u6b21\u7b2c\u306b\u71b1\u304c\u52a0\u308f\u3063\u3066\u3044\u304f\u30b1\u30ea\u30fc\u306e5\u5206\u8fd1\u3044\u30d4\u30a2\u30ce\u304c\u3042\u308a\u3001\u518d\u3073\u30de\u30a4\u30eb\u30b9\u306e\u4e16\u754c\u3068\u306a\u3063\u3066\u3001\u6f14\u594f\u304c\u7d42\u308f\u3063\u3066\u3044\u304d\u307e\u3059\u3002 <br><br><br><br><strong>\u3010\u30a8\u30d4\u30bd\u30fc\u30c9\u3001\u30de\u30a4\u30eb\u30b9\u306e1960\u5e74\u6625\u306e\u6b27\u5dde\u30c4\u30a2\u30fc\u3011<\/strong><br>*21 March<br>Olympia, Paris, France <br><br>*22 March<br>Konserthuset, Stockholm, Sweden 23 March<br>Nj\u00e5rdhallen, Oslo, Norway (or possibly Gothenburg [G\u00f6teborg], Sweden) <br><br>*24 March<br>Tivolis Koncertsal, Copenhagen (K\u00f8benhavn), Denmark <br><br>25 March<br>Niedersachsenhalle, Hannover, West Germany <br><br>26 March<br>Weser-Ems-Halle, Oldenburg, West Germany <br><br>27 March<br>Sportpalast, Berlin, West Germany <br><br>29 March<br>Musikhalle, Grosser Saal, Hamburg, West Germany<br><br> *30 March<br>Kongresshalle, Frankfurt am main, West Germany <br><br>31 March<br>Teatro Lirico, Milan (Milano), Italy <br><br>1 April<br>Fruchthalle, Kaiserslautern, West Germany <br><br>2 April<br>Massehalle, Cologne (K\u00f6ln), West Germany <br><br>3 April<br>Deushes Museum, Kongress-Saal, Munich (M\u00fcnchen), West Germany <br><br>4 April<br>Stadthalle, Karlstruhe, West Germany <br><br>6 April<br>(probably at the) Stadthalle , Viena (Wien), Austria <br><br>7 April<br>Messehaus, Nuremberg (N\u00fcrnberg), West Germany <br><br>*8 April<br>Kongresshaus, Zurich (Z\u00fcrich), Switzerland <br><br>9 April<br>Kurhaus, Scheveningen, Netherlands <br><br>*9 April<br>Concertgebouw, Amsterdam, Netherlands <br><br>10 April<br>Liederhalle, Beethoven-Saal, Stuttgart, West Germany <br><br>19\u65e5\u9593\u300027\u516c\u6f14 <br>\uff08\u8cc7\u659907\u3088\u308a\uff09<\/p>\n\n\n\n<div style=\"height:40px\" aria-hidden=\"true\" class=\"wp-block-spacer\"><\/div>\n\n\n<div class=\"wp-block-image\">\n<figure class=\"aligncenter size-full is-resized\"><a href=\"http:\/\/maharl.com\/jazzdisc\/jd202308\/jd20230810\/\"><img decoding=\"async\" src=\"http:\/\/maharl.com\/john\/wp\/wp-content\/uploads\/2023\/08\/20230810.jpg\" alt=\"\" class=\"wp-image-4091\" style=\"width:200px\" width=\"200\" srcset=\"http:\/\/maharl.com\/john\/wp\/wp-content\/uploads\/2023\/08\/20230810.jpg 400w, http:\/\/maharl.com\/john\/wp\/wp-content\/uploads\/2023\/08\/20230810-300x256.jpg 300w\" sizes=\"(max-width: 400px) 100vw, 400px\" \/><\/a><figcaption class=\"wp-element-caption\">\u53ce\u9332\u30a2\u30eb\u30d0\u30e0<\/figcaption><\/figure>\n<\/div>\n\n\n<div style=\"height:40px\" aria-hidden=\"true\" class=\"wp-block-spacer\"><\/div>\n\n\n\n<div class=\"wp-block-buttons is-layout-flex wp-block-buttons-is-layout-flex\">\n<div class=\"wp-block-button has-custom-font-size\" style=\"font-size:14px\"><a class=\"wp-block-button__link wp-element-button\" href=\"http:\/\/maharl.com\/john\/jc19600321\/\" style=\"padding-top:0;padding-right:0;padding-bottom:0;padding-left:0\">\u5f53\u30bb\u30c3\u30b7\u30e7\u30f3\u30c8\u30c3\u30d7<\/a><\/div>\n<\/div>\n\n\n\n<div style=\"height:40px\" aria-hidden=\"true\" class=\"wp-block-spacer\"><\/div>\n\n\n\n<p>\u3010\u3064\u3044\u3067\u306b\u30d5\u30a9\u30c8\u3011<\/p>\n\n\n<div class=\"wp-block-image\">\n<figure class=\"aligncenter size-full\"><img loading=\"lazy\" decoding=\"async\" width=\"800\" height=\"566\" src=\"http:\/\/maharl.com\/john\/wp\/wp-content\/uploads\/2023\/08\/tp05053-118.jpg\" alt=\"\" class=\"wp-image-4095\" srcset=\"http:\/\/maharl.com\/john\/wp\/wp-content\/uploads\/2023\/08\/tp05053-118.jpg 800w, http:\/\/maharl.com\/john\/wp\/wp-content\/uploads\/2023\/08\/tp05053-118-300x212.jpg 300w, http:\/\/maharl.com\/john\/wp\/wp-content\/uploads\/2023\/08\/tp05053-118-768x543.jpg 768w\" sizes=\"auto, (max-width: 800px) 100vw, 800px\" \/><\/figure>\n<\/div>\n\n\n<p>2005\u5e74\u3000\u9999\u6e2f \uff082023\u5e745\u670818\u65e5\u63b2\u8f09\uff09<\/p>\n","protected":false},"excerpt":{"rendered":"<p>All of You (Cole Porter)\uff0816\u520659\u79d2\uff09 \u3010\u3053\u306e\u66f2\u3001\u3053\u306e\u6f14\u594f\u3011\u3000\u30b3\u30fc\u30eb\u30fb\u30dd\u30fc\u30bf\u30fc\u4f5c\u306e\u3053\u306e\u6709\u540d\u4eba\u6c17\u30b9\u30bf\u30f3\u30c0\u30fc\u30c9\u306f\u3001\u30b3\u30eb\u30c8\u30ec\u30fc\u30f3\u53c2\u52a0\u306e\u30de\u30a4\u30eb\u30b9\u30fb\u30af\u30a4\u30f3\u30c6\u30c3\u30c8\u30671956\u5e749\u670810\u65e5\u306b\u30b9\u30bf\u30b8\u30aa\u9332\u97f3\u3055\u308c\u30011957\u5e743\u67084\u65e5\u306b\u767a\u58f2\u3055\u308c\u305f\u30a2\u30eb\u30d0\u30e0\u300c\u30e9\u30a6\u30f3\u30c9\u30fb\u30a2\u30d0\u30a6\u30c8\u30fb\u30df\u30c3\u30c9\u30ca\u30a4\u30c8\u300d\u306b\u53ce\u9332\u3055\u308c\u307e\u3057\u305f\u3002 \u3000\u305d\u308c\u4ee5\u964d\u3001\u30de\u30a4\u30eb\u30b9\u306f\u3053\u306e\u66f2\u3092\u4f55\u5ea6\u3082\u30e9\u30a4\u30d6\u3067\u62ab\u9732\u3057\u3066\u3044\u307e\u3059\u3002\u30de\u30a4\u30eb\u30b9\u306e1960\u5e74\u6625\u306e\u6b27\u5dde\u30c4\u30a2\u30fc\u521d\u65e5\u306e\u3001\u3053\u306e\u30aa\u30ea\u30f3\u30d4\u30a2\u306b\u96c6\u307e\u3063\u305f\u89b3\u5ba2\u306b\u3068\u3063\u3066\u306f\u3001\u30de\u30a4\u30eb\u30b9\u306e\u3053\u306e\u66f2\u306e\u6f14\u594f\u306f\u304a\u99b4\u67d3\u307f\u3060\u3063\u305f\u3053\u3068\u3067\u3057\u3087\u3046\u3002 \u3000\u4f59\u88d5\u306e\u30c8\u30e9\u30f3\u30da\u30c3\u30c8\u306e\u97ff\u304d\u3067\u5feb\u8abf\u306b\u6f14\u594f\u304c\u59cb\u307e\u308a\u3001\u305d\u306e\u307e\u307e\u30de\u30a4\u30eb\u30b9\u306e\u4e16\u754c\u30674\u5206\u8fd1\u3044\u6f14\u594f\u3068\u306a\u308a\u307e\u3059\u3002\u30c8\u30e9\u30f3\u30da\u30c3\u30c8\u306e\u5909\u5316\u306b\u30ea\u30ba\u30e0\u9663\u304c\u3059\u3050\u306b\u5bfe\u5fdc\u3057\u3066\u3044\u304d\u3001\u3053\u306e\u30af\u30a4\u30f3\u30c6\u30c3\u30c8\u306e\u5b8c\u6210\u5ea6\u306e\u9ad8\u3055\u3092\u611f\u3058\u307e\u3059\u3002 \u3000\u7d9a\u304f\u306e\u306f\u30b3\u30eb\u30c8\u30ec\u30fc\u30f3\u306e5\u5206\u534a\u306b\u6e21\u308b\u6f14\u594f\u3067\u3059\u3002\u3053\u308c\u3092\u8074\u3044\u3066\u3044\u308b\u3068\u30011955\u5e74\u306b\u4e00\u4eba\u306e\u82e5\u624b\u30bd\u30ea\u30b9\u30c8\u3068\u3057\u3066\u306e\u30d7\u30ed\u751f\u6d3b\u3092\u59cb\u3081\u305f\u30b3\u30eb\u30c8\u30ec\u30fc\u30f3\u304c\u30015\u5e74\u7d4c\u3063\u305f\u3053\u306e\u6642\u70b9\u3067\u306f\u30b8\u30e3\u30ba\u754c\u306e\u5927\u770b\u677f\u306b\u306a\u3063\u3066\u304a\u308a\u3001\u611f\u6168\u6df1\u3044\u3082\u306e\u3092\u611f\u3058\u307e\u3059\u3002 \u3000\u3042\u3063\u3055\u308a\u5165\u308a\u306a\u304c\u3089\u6b21\u7b2c\u306b\u71b1\u304c\u52a0\u308f\u3063\u3066\u3044\u304f\u30b1\u30ea\u30fc\u306e5\u5206\u8fd1\u3044\u30d4\u30a2\u30ce\u304c\u3042\u308a\u3001\u518d\u3073\u30de\u30a4\u30eb\u30b9\u306e\u4e16\u754c\u3068\u306a\u3063\u3066\u3001\u6f14\u594f\u304c\u7d42\u308f\u3063\u3066\u3044\u304d\u307e\u3059\u3002 \u3010\u30a8\u30d4\u30bd\u30fc\u30c9\u3001\u30de\u30a4\u30eb\u30b9\u306e1960\u5e74\u6625\u306e\u6b27\u5dde\u30c4\u30a2\u30fc\u3011*21 MarchOlympia, Paris, France *22 MarchKonserthuset, Stockholm, Sweden 23 MarchNj\u00e5rdhallen, Oslo, Norway (or possibly Gothenburg [G\u00f6teborg], Sweden) *24 MarchTivolis Koncertsal, Copenhagen (K\u00f8benhavn), Denmark 25 MarchNiedersachsenhalle, Hannover, West Germany 26 MarchWeser-Ems-Halle, Oldenburg, West Germany 27 MarchSportpalast, Berlin, West Germany 29 MarchMusikhalle, Grosser Saal, Hamburg, West Germany&hellip; <a class=\"more-link\" href=\"http:\/\/maharl.com\/john\/jc19600321\/jc19600321-01\/\">Continue reading <span class=\"screen-reader-text\">19600321-01<\/span><\/a><\/p>\n","protected":false},"author":1,"featured_media":0,"parent":4090,"menu_order":0,"comment_status":"closed","ping_status":"closed","template":"","meta":{"_coblocks_attr":"","_coblocks_dimensions":"","_coblocks_responsive_height":"","_coblocks_accordion_ie_support":"","footnotes":""},"class_list":["post-4093","page","type-page","status-publish","hentry","entry"],"_links":{"self":[{"href":"http:\/\/maharl.com\/john\/wp-json\/wp\/v2\/pages\/4093","targetHints":{"allow":["GET"]}}],"collection":[{"href":"http:\/\/maharl.com\/john\/wp-json\/wp\/v2\/pages"}],"about":[{"href":"http:\/\/maharl.com\/john\/wp-json\/wp\/v2\/types\/page"}],"author":[{"embeddable":true,"href":"http:\/\/maharl.com\/john\/wp-json\/wp\/v2\/users\/1"}],"replies":[{"embeddable":true,"href":"http:\/\/maharl.com\/john\/wp-json\/wp\/v2\/comments?post=4093"}],"version-history":[{"count":1,"href":"http:\/\/maharl.com\/john\/wp-json\/wp\/v2\/pages\/4093\/revisions"}],"predecessor-version":[{"id":4096,"href":"http:\/\/maharl.com\/john\/wp-json\/wp\/v2\/pages\/4093\/revisions\/4096"}],"up":[{"embeddable":true,"href":"http:\/\/maharl.com\/john\/wp-json\/wp\/v2\/pages\/4090"}],"wp:attachment":[{"href":"http:\/\/maharl.com\/john\/wp-json\/wp\/v2\/media?parent=4093"}],"curies":[{"name":"wp","href":"https:\/\/api.w.org\/{rel}","templated":true}]}}